 the hundred thousands digit of 968534965?
5
What is the ten millions digit of 685086951?
8
What is the hundred millions digit of 103262134?
1
What is the millions digit of 568733091?
8
What is the ten thousands digit of 159692231?
9
What is the hundred millions digit of 1992600493?
9
What is the ten thousands digit of 94038993?
3
What is the ten millions digit of 58840715?
5
What is the hundred thousands digit of 49303983?
3
What is the ten thousands digit of 103289726?
8
What is the ten thousands digit of 2081890025?
9
What is the hundreds digit of 396431524?
5
What is the tens digit of 149500109?
0
What is the units digit of 59574571?
1
What is the billions digit of 1128226038?
1
What is the thousands digit of 2069009343?
9
What is the hundred millions digit of 1388350156?
3
What is the millions digit of 2116859208?
6
What is the thousands digit of 3517597945?
7
What is the thousands digit of 310286333?
6
What is the millions digit of 129296156?
9
What is the hundred millions digit of 156137337?
1
What is the ten thousands digit of 1263040539?
4
What is the hundred thousands digit of 30446397?
4
What is the thousands digit of 94926127?
6
What is the units digit of 76230624?
4
What is the millions digit of 68679167?
8
What is the thousands digit of 48775148?
5
What is the hundred thousands digit of 139826546?
8
What is the units digit of 1105313930?
0
What is the hundreds digit of 41257961?
9
What is the hundreds digit of 500639?
6
What is the tens digit of 1204718184?
8
What is the hundred millions digit of 119093293?
1
What is the thousands digit of 3194416?
4
What is the units digit of 39236205?
5
What is the tens digit of 2422713870?
7
What is the tens digit of 330823081?
8
What is the millions digit of 96219470?
6
What is the tens digit of 330853676?
7
What is the ten millions digit of 79004939?
7
What is the hundreds digit of 649253959?
9
What is the units digit of 719599204?
4
What is the units digit of 31966027?
7
What is the hundred thousands digit of 127818569?
8
What is the hundreds digit of 30319017?
0
What is the ten thousands digit of 65848708?
4
What is the thousands digit of 933388926?
8
What is the billions digit of 8936886596?
8
What is the hundreds digit of 54824347?
3
What is the thousands digit of 119357617?
7
What is the tens digit of 22939669?
6
What is the hundreds digit of 419413600?
6
What is the ten millions digit of 19175143?
1
What is the hundred thousands digit of 150151131?
1
What is the thousands digit of 816773747?
3
What is the ten millions digit of 1658297626?
5
What is the ten millions digit of 241190323?
4
What is the units digit of 1482049116?
6
What is the ten thousands digit of 2918493183?
9
What is the hundreds digit of 817011626?
6
What is the hundred millions digit of 1862373145?
8
What is the ten thousands digit of 559862690?
6
What is the units digit of 65862243?
3
What is the ten thousands digit of 56850672?
5
What is the ten thousands digit of 59783979?
8
What is the units digit of 1901936133?
3
What is the hundreds digit of 62027828?
8
What is the ten millions digit of 3083197798?
8
What is the thousands digit of 141002557?
2
What is the thousands digit of 143382418?
2
What is the hundreds digit of 4360945932?
9
What is the ten thousands digit of 258033308?
3
What is the ten thousands digit of 272452525?
5
What is the units digit of 103206129?
9
What is the hundred thousands digit of 42736147?
7
What is the hundred thousands digit of 244253190?
2
What is the hundreds digit of 397355917?
9
What is the hundred thousands digit of 201811971?
8
What is the hundred millions digit of 183085081?
1
What is the ten millions digit of 74463327?
7
What is the ten thousands digit of 203111438?
1
What is the millions digit of 15238930?
5
What is the hundred thousands digit of 138123522?
1
What is the hundreds digit of 506047073?
0
What is the hundred millions digit of 139768016?
1
What is the thousands digit of 637887539?
7
What is the ten thousands digit of 638292620?
9
What is the hundreds digit of 6037795016?
0
What is the hundred thousands digit of 60457462?
4
What is the tens digit of 2863329717?
1
What is the tens digit of 451575508?
0
What is the hundred thousands digit of 7029148101?
1
What is the ten millions digit of 56842520?
5
What is the hundreds digit of 98174854?
8
What is the hundred millions digit of 1100063116?
1
What is the hundred thousands digit of 744546894?
5
What is the tens digit of 2500972581?
8
What is the units digit of 246552275?
5
What is the hundred thousands digit of 571530346?
5
What is the ten thousands digit of 4629006946?
0
What is the millions digit of 49583285?
9
What is the thousands digit of 616996778?
6
What is the hundreds digit of 1152193969?
9
What is the millions digit of 11549728?
1
What is the hundreds digit of 673571769?
7
What is the ten millions digit of 3116428634?
1
What is the ten thousands digit of 3740167328?
6
What is the units digit of 2280047950?
0
What is the ten thousands digit of 236699190?
9
What is the billions digit of 1573267706?
1
What is the ten thousands digit of 1768390742?
9
What is the millions digit of 130386484?
0
What is the hundreds digit of 3900501820?
8
What is the ten millions digit of 963926519?
6
What is the tens digit of 775329521?
2
What is the hundred thousands digit of 291510209?
5
What is the tens digit of 86959351?
5
What is the thousands digit of 6036126263?
6
What is the hundreds digit of 58466657?
6
What is the ten millions digit of 3963191324?
6
What is the thousands digit of 306876951?
6
What is the ten thousands digit of 357424326?
2
What is the tens digit of 192523735?
3
What is the hundred thousands digit of 55468533?
4
What is the ten millions digit of 111157898?
1
What is the tens digit of 1898107770?
7
What is the thousands digit of 77175837?
5
What is the units digit of 133641370?
0
What is the ten thousands digit of 716581640?
8
What is the ten thousands digit of 1781502462?
0
What is the tens digit of 414940907?
0
What is the units digit of 423074287?
7
What is the ten thousands digit of 273847181?
4
What is the hundred thousands digit of 712060628?
0
What is the thousands digit of 1671472?
1
What is the tens digit of 3290636637?
3
What is the ten thousands digit of 2069827507?
2
What is the hundred thousands digit of 419976263?
9
What is the millions digit of 125386254?
5
What is the hundred millions digit of 2052877895?
0
What is the millions digit of 84260573?
4
What is the tens digit of 473081034?
3
What is the hundred millions digit of 2435385579?
4
What is the thousands digit of 41829762?
9
What is the hundred thousands digit of 69583158?
5
What is the hundred millions digit of 1385125957?
3
What is the billions digit of 1887385423?
1
What is the units digit of 82029710?
0
What is the hundred thousands digit of 80471195?
4
What is the millions digit of 286077470?
6
What is the hundred thousands digit of 3675823805?
8
What is the millions digit of 303747778?
3
What is the tens digit of 1489032354?
5
What is the hundred millions digit of 2259999456?
2
What is the ten millions digit of 17778745?
1
What is the millions digit of 393310081?
3
What is the thousands digit of 156264935?
4
What is the ten millions digit of 1060852304?
6
What is the ten millions digit of 64190558?
6
What is the units digit of 111763573?
3
What is the units digit of 127572995?
5
What is the ten thousands digit of 1781288503?
8
What is the hundred millions digit of 1307907138?
3
What is the billions digit of 3868640934?
3
What is the hundred thousands digit of 132924088?
9
What is the units digit of 86381642?
2
What is the units digit of 2022023864?
4
What is the hundred millions digit of 270946719?
2
What is the tens digit of 43465122?
2
What is the units digit of 12415656?
6
What is the thousands digit of 100226270?
6
What is the millions digit of 28667068?
8
What is the units digit of 5720079?
9
What is the thousands digit of 39052937?
2
What is the tens digit of 286567442?
4
What is the thousands digit of 18869420?
9
What is the hundred thousands digit of 414543806?
5
What is the ten thousands digit of 4799990?
9
What is the hundreds digit of 9964545?
5
What is the ten thousands digit of 681289695?
8
What is the units digit o